In base 8, what is 775425 - -5?
775432
In base 11, what is 111 + 128a?
13a0
In base 8, what is 134 - -5442?
5576
In base 12, what is 5269a + 4?
526a2
In base 2, what is -1010100110011111011 + 10?
-1010100110011111001
In base 4, what is -102110313 - 222?
-102111201
In base 10, what is -4902905 + 0?
-4902905
In base 3, what is -202112021211 + 12?
-202112021122
In base 4, what is 2323 - 1211202?
-1202213
In base 12, what is -753 + -680?
-1213
In base 5, what is -24410301 - 0?
-24410301
In base 4, what is -2233 + 200?
-2033
In base 14, what is 3a + -16774?
-16738
In base 2, what is 101101100001001 - -10001?
101101100011010
In base 11, what is -26 + -9090?
-9106
In base 6, what is -5 - -231055?
231050
In base 6, what is -15124 - 15?
-15143
In base 14, what is -4d860 - 5?
-4d865
In base 7, what is 542 - -1265?
2140
In base 15, what is -5 + 14d3c?
14d37
In base 7, what is 20512 - -36?
20551
In base 4, what is -23 - -13132?
13103
In base 9, what is 177 - -5218?
5406
In base 5, what is -3 + 143032111?
143032103
In base 13, what is -55 + 593?
53b
In base 5, what is 243 + 11402?
12200
In base 6, what is -1330444 + 34?
-1330410
In base 2, what is -1000010011101 + -1?
-1000010011110
In base 14, what is 10d + 109?
218
In base 16, what is 6 - 230a?
-2304
In base 4, what is -332 - -21130?
20132
In base 3, what is 111122 - -2202012?
10020211
In base 9, what is 10 + 424134?
424144
In base 5, what is 1012113 + 3?
1012121
In base 13, what is -b05 + -565?
-136a
In base 7, what is 4002144 + -3?
4002141
In base 4, what is -111320212 + 2?
-111320210
In base 14, what is 0 + -31bda?
-31bda
In base 4, what is 2 - -123022?
123030
In base 14, what is -a8 - -109?
41
In base 13, what is 311 - 2a?
2b4
In base 7, what is -411331 - -2?
-411326
In base 14, what is 114 - 4d?
a5
In base 13, what is abb1 - -7?
abb8
In base 2, what is 10000100101100100011 - 1?
10000100101100100010
In base 14, what is 127d + 37?
12b6
In base 15, what is -2 + -16de0?
-16de2
In base 14, what is 1977b + -8?
19773
In base 11, what is 6760a2 - 5?
676098
In base 4, what is -3 - -330021103?
330021100
In base 9, what is -34172 + 3?
-34168
In base 12, what is 1596 - 12?
1584
In base 2, what is 1010 + 1010001011000010?
1010001011001100
In base 5, what is 141 - 110412?
-110221
In base 6, what is -32 + -30431?
-30503
In base 15, what is 5 - 178b?
-1786
In base 2, what is -1 - -1110101100110011?
1110101100110010
In base 6, what is 1 - -1403224?
1403225
In base 12, what is 0 - 125581?
-125581
In base 8, what is -5552556 - -1?
-5552555
In base 2, what is 110 - 10101100000010111010?
-10101100000010110100
In base 14, what is -3b - -c9?
8c
In base 4, what is -113 + -2220023?
-2220202
In base 4, what is -1321013 + -11?
-1321030
In base 15, what is -3a8e + 5?
-3a89
In base 6, what is 43250 + -3130?
40120
In base 11, what is -92a - -35?
-8a5
In base 4, what is -1001200233 + -10?
-1001200303
In base 9, what is 51257 - 54?
51203
In base 3, what is 10 - -20002121?
20002201
In base 12, what is -183 - 226?
-3a9
In base 16, what is 5 + -69f4?
-69ef
In base 8, what is -1253600 + 6?
-1253572
In base 5, what is 220442 - -11?
221003
In base 14, what is 2b - 371?
-344
In base 6, what is 21204 + 1301?
22505
In base 9, what is -36 + -2811?
-2847
In base 4, what is 122110203 + 11?
122110220
In base 6, what is 5 - 203400?
-203351
In base 9, what is 182 - -17?
210
In base 7, what is -2 - -46342?
46340
In base 13, what is -128c - 245?
-1504
In base 2, what is 111011110010 + -100?
111011101110
In base 15, what is -7 - -69aa7?
69aa0
In base 16, what is 29bcd3 - 5?
29bcce
In base 14, what is 4 + 6d159?
6d15d
In base 5, what is -301313 - 32?
-301400
In base 16, what is -9 - 5c9?
-5d2
In base 12, what is 41 + 155?
196
In base 15, what is -4 + -4620?
-4624
In base 2, what is -11111 - -100011001110010111?
100011001101111000
In base 12, what is 41a8 + 0?
41a8
In base 13, what is -8054 - -13?
-8041
In base 11, what is 22a - 3024?
-28a5
In base 15, what is 7e + 95?
124
In base 11, what is 10 - -21369?
21379
In base 2, what is -10001000001011111010 + -100?
-10001000001011111110
In base 10, what is -11927 + -374?
-12301
In base 5, what is 13442020 + 3?
13442023
In base 4, what is 11 - -3313323?
3320000
In base 9, what is 1622 + -340?
1272
In base 6, what is -1252233 + -102?
-1252335
In base 13, what is -1 - -3897?
3896
In base 16, what is 2 - 3a166?
-3a164
In base 9, what is 28764 - 2?
28762
In base 8, what is 1 + 465035?
465036
In base 14, what is -20 + 330?
310
In base 2, what is -100011111 + 100010?
-11111101
In base 5, what is 323400 + 34?
323434
In base 3, what is -1220002 + -2?
-1220011
In base 4, what is -312003 - 102?
-312111
In base 16, what is -61 - d3c?
-d9d
In base 10, what is 124 - 24?
100
In base 15, what is -16e - -1ed?
7e
In base 10, what is 535 + -1995?
-1460
In base 12, what is a7 - 599?
-4b2
In base 9, what is 2 - -1104360?
1104362
In base 5, what is -40322401 + -4?
-40322410
In base 14, what is -1c + -3aa?
-3c8
In base 4, what is 131 + -3320?
-3123
In base 2, what is -1101 - 101111101011001?
-101111101100110
In base 10, what is -2 + -217843?
-217845
In base 12, what is -1859 - -1?
-1858
In base 15, what is 7 - -eeb?
1003
In base 11, what is 1568 + -7?
1561
In base 15, what is 2 + 45d1?
45d3
In base 10, what is -3 - -137681?
137678
In base 9, what is -43 - 83?
-136
In base 6, what is -152340 - -4?
-152332
In base 2, what is -111010110101010 + -100?
-111010110101110
In base 6, what is 13 + 324323?
324340
In base 13, what is -13 - 1959?
-196c
In base 10, what is 11977 - 62?
11915
In base 2, what is -100101110111001 + -1011?
-100101111000100
In base 6, what is -231002 + 445?
-230113
In base 14, what is 13b - -adc?
c39
In base 15, what is c + 88d?
89a
In base 2, what is 10011001 - -11010001?
101101010
In base 11, what is -15 - 3aa?
-414
In base 8, what is 5 + -116234?
-116227
In base 11, what is 7 + -9a9?
-9a2
In base 10, what is -5 - -2474?
2469
In base 7, what is 355 + 4300?
4655
In base 6, what is 1031503 - 140?
1031323
In base 13, what is a254 - 20?
a234
In base 2, what is -100 + 11000010111000?
11000010110100
In base 12, what is 674 - 3?
671
In base 9, what is -372 - 572?
-1054
In base 10, what is 892 - -23?
915
In base 5, what is -1 - 1024230?
-1024231
In base 10, what is 108 - -112?
220
In base 7, what is -201226 + 11?
-201215
In base 4, what is 13001 - -33332?
112333
In base 8, what is -4222 + -32?
-4254
In base 6, what is -224 + 1155?
531
In base 4, what is -322031 + -12?
-322103
In base 9, what is -51688 - 4?
-51703
In base 2, what is 101001 + 1000111110011?
1001000011100
In base 3, what is 2 - 1111222102101?
-1111222102022
In base 13, what is -67 - -41?
-26
In base 16, what is 2a229 + -5?
2a224
In base 4, what is -221 - -23112?
22231
In base 10, what is -3 + -144791?
-144794
In base 10, what is -2 + -9955?
-9957
In base 16, what is 2375 + -9c?
22d9
In base 10, what is -1 - -81748?
81747
In base 12, what is -4 - 4695?
-4699
In base 9, what is -4 - 1417827?
-1417832
In base 6, what is 4003 - 141?
3422
In base 3, what is -21210101111201 - -12?
-21210101111112
In base 16, what is -168e6a - -2?
-168e68
In base 12, what is -25 + 23593?
2356a
In base 12, what is -32 - -3b21?
3aab
In base 6, what is 123 - -125245?
125412
In base 2, what is -111110010 + 101111101?
-1110101
In base 3, what is 100212 + 212211?
1020200
In base 15, what is -de0 + 3?
-ddc
In base 10, what is -2 - 4749?
-4751
In base 10, what is -7 + -4166?
-4173
In base 3, what is -201200121 + 111?
-201200010
In base 10, what is -2890 + 174?
-2716
In base 10, what is 6725 - 177?
6548
In base 15, what is ab73a - -3?
ab73d
In base 9, what is -26 + -15572?
-15608
In base 16, what is -a00d + 9?
-a004
In base 12, what is -8a8b + -a8?
-8b77
In base 9, what is 83 - -536?
630
In base 16, what is 3 + -17a4af?
-17a4ac
In base 7, what is 121 - -3253?
3404
In base 5, what is 1 - 41203400?
-41203344
In base 14, what is 1c - 6b?
-4d
In base 10, what is 1 - -257402?
257403
In base 5, what is -4141 - 100?
-4241
In base 9, what is -65 + -16?
-82
In base 11, what is 5 - -39881?
39886
In base 9, what is 130 + 355?
485
In base 12, what is 5a - -72?
110
In base 6, what is -23 + -1005?
-1032
In base 3, what is 21212221120 + 11?
21212221201
In base 11, what is 113364 - 4?
113360
In base 